{"id":1490,"date":"2025-07-30T17:13:31","date_gmt":"2025-07-30T23:13:31","guid":{"rendered":"https:\/\/academia.uaa.mx\/congresoenfermeria\/?page_id=1490"},"modified":"2025-08-20T21:32:08","modified_gmt":"2025-08-21T03:32:08","slug":"registro-talleres-2025","status":"publish","type":"page","link":"https:\/\/academia.uaa.mx\/congresoenfermeria\/registro-talleres-2025\/","title":{"rendered":"Registro talleres 2025"},"content":{"rendered":"<p><img loading=\"lazy\" decoding=\"async\" class=\"wp-image-1440 size-full aligncenter\" src=\"https:\/\/academia.uaa.mx\/congresoenfermeria\/wp-content\/uploads\/sites\/2\/2025\/07\/menu_registro_taller.png\" alt=\"\" width=\"800\" height=\"200\" srcset=\"https:\/\/academia.uaa.mx\/congresoenfermeria\/wp-content\/uploads\/sites\/2\/2025\/07\/menu_registro_taller.png 800w, https:\/\/academia.uaa.mx\/congresoenfermeria\/wp-content\/uploads\/sites\/2\/2025\/07\/menu_registro_taller-300x75.png 300w, https:\/\/academia.uaa.mx\/congresoenfermeria\/wp-content\/uploads\/sites\/2\/2025\/07\/menu_registro_taller-768x192.png 768w\" sizes=\"auto, (max-width: 800px) 100vw, 800px\" \/><\/p>\n<p style=\"text-align: center\">La <strong>Licenciatura en Enfermer\u00eda<\/strong> del Centro de Ciencias de la Salud de la <strong>Universidad Aut\u00f3noma de Aguascalientes<\/strong> llevar\u00e1 a cabo el <strong>XV Congreso Universitario de Enfermer\u00eda con el tema central: \u201cCuidar para Transformar: Avances y Desaf\u00edos en la Formaci\u00f3n y Pr\u00e1ctica de Enfermer\u00eda\u201d<\/strong>, los d\u00edas <strong>21 y 22 de agosto de 2025<\/strong>&nbsp;en el Sal\u00f3n Universitario de Usos M\u00faltiples (SUUM).<\/p>\n<p style=\"text-align: center\">Por este motivo, se invita a los participantes a inscribirse en los talleres que se realizar\u00e1n durante el evento, record\u00e1ndoles que solo los primeros registros ser\u00e1n aceptados de acuerdo con el cupo disponible en cada uno de los talleres ofertados.<\/p>\n<p><strong>Talleres 21 de agosto<\/strong><\/p>\n<p>Horario a partir de las 16:00 horas<\/p>\n<p>&nbsp;<\/p>\n<table style=\"width: 47.7312%;height: 264px\" width=\"558\">\n<tbody>\n<tr style=\"height: 24px\">\n<td style=\"height: 24px;width: 11.315%\" width=\"37\"><strong>No.<\/strong>&nbsp;<\/td>\n<td style=\"height: 24px;width: 39.1437%\" width=\"247\"><strong>Talleres<\/strong>\u202f\/<strong>cupo m\u00e1ximo<\/strong>&nbsp;<\/td>\n<td style=\"height: 24px;width: 22.63%\" width=\"170\"><strong>Cupo<\/strong><\/td>\n<td style=\"height: 24px;width: 24.159%\" width=\"104\"><strong>Registro<\/strong>&nbsp;<\/td>\n<\/tr>\n<tr style=\"height: 48px\">\n<td style=\"height: 48px;width: 11.315%\" width=\"37\">1\u202f&nbsp;<\/td>\n<td style=\"height: 48px;width: 39.1437%\" width=\"247\">Soporte vital para enfermer\u00eda<\/td>\n<td style=\"height: 48px;width: 22.63%\" width=\"170\">15 personas<\/td>\n<td style=\"height: 48px;width: 24.159%\" width=\"104\">Cupo lleno<\/td>\n<\/tr>\n<tr style=\"height: 24px\">\n<td style=\"height: 24px;width: 11.315%\" width=\"37\">2\u202f&nbsp;<\/td>\n<td style=\"height: 24px;width: 39.1437%\" width=\"247\">Relajaci\u00f3n profunda para estudiantes de enfermer\u00eda<\/td>\n<td style=\"height: 24px;width: 22.63%\" width=\"170\">12 personas<\/td>\n<td style=\"height: 24px;width: 24.159%\" width=\"104\">Cupo lleno<\/td>\n<\/tr>\n<tr style=\"height: 24px\">\n<td style=\"height: 24px;width: 11.315%\" width=\"37\">3\u202f&nbsp;<\/td>\n<td style=\"height: 24px;width: 39.1437%\" width=\"247\">Preparaci\u00f3n y manejo seguro de citot\u00f3xicos&nbsp;<\/td>\n<td style=\"height: 24px;width: 22.63%\" width=\"170\">15 personas<\/td>\n<td style=\"height: 24px;width: 24.159%\" width=\"104\">Cupo lleno<\/td>\n<\/tr>\n<tr style=\"height: 96px\">\n<td style=\"height: 96px;width: 11.315%\" width=\"37\">4\u202f&nbsp;<\/td>\n<td style=\"height: 96px;width: 39.1437%\" width=\"247\">Antis\u00e9pticos y desinfectantes<\/td>\n<td style=\"height: 96px;width: 22.63%\" width=\"170\">40 personas<\/td>\n<td style=\"height: 96px;width: 24.159%\" width=\"104\">Cupo lleno<\/td>\n<\/tr>\n<tr style=\"height: 24px\">\n<td style=\"height: 24px;width: 11.315%\" width=\"37\">5\u202f&nbsp;<\/td>\n<td style=\"height: 24px;width: 39.1437%\" width=\"247\">Manejo inicial de Heridas<\/td>\n<td style=\"height: 24px;width: 22.63%\" width=\"170\">25 personas<\/td>\n<td style=\"height: 24px;width: 24.159%\" width=\"104\">Cupo lleno<\/td>\n<\/tr>\n<\/tbody>\n<\/table>\n<p>&nbsp;<\/p>\n<p>&nbsp;<\/p>\n<p>&nbsp;<\/p>\n<p><img loading=\"lazy\" decoding=\"async\" class=\"aligncenter wp-image-1450 size-full\" src=\"https:\/\/academia.uaa.mx\/congresoenfermeria\/wp-content\/uploads\/sites\/2\/2025\/07\/Programa-XV-CUE-FINAL-page-004.jpg\" alt=\"\" width=\"1241\" height=\"1755\" srcset=\"https:\/\/academia.uaa.mx\/congresoenfermeria\/wp-content\/uploads\/sites\/2\/2025\/07\/Programa-XV-CUE-FINAL-page-004.jpg 1241w, https:\/\/academia.uaa.mx\/congresoenfermeria\/wp-content\/uploads\/sites\/2\/2025\/07\/Programa-XV-CUE-FINAL-page-004-212x300.jpg 212w, https:\/\/academia.uaa.mx\/congresoenfermeria\/wp-content\/uploads\/sites\/2\/2025\/07\/Programa-XV-CUE-FINAL-page-004-724x1024.jpg 724w, https:\/\/academia.uaa.mx\/congresoenfermeria\/wp-content\/uploads\/sites\/2\/2025\/07\/Programa-XV-CUE-FINAL-page-004-768x1086.jpg 768w, https:\/\/academia.uaa.mx\/congresoenfermeria\/wp-content\/uploads\/sites\/2\/2025\/07\/Programa-XV-CUE-FINAL-page-004-1086x1536.jpg 1086w\" sizes=\"auto, (max-width: 1241px) 100vw, 1241px\" \/><\/p>\n","protected":false},"excerpt":{"rendered":"<p>La Licenciatura en Enfermer\u00eda del Centro de Ciencias de la Salud de la Universidad Aut\u00f3noma de Aguascalientes llevar\u00e1 a cabo<\/p>\n","protected":false},"author":3,"featured_media":0,"parent":0,"menu_order":0,"comment_status":"closed","ping_status":"closed","template":"","meta":{"_acf_changed":false,"colormag_page_container_layout":"default_layout","colormag_page_sidebar_layout":"default_layout","ngg_post_thumbnail":0,"footnotes":""},"class_list":["post-1490","page","type-page","status-publish","hentry"],"acf":[],"_links":{"self":[{"href":"https:\/\/academia.uaa.mx\/congresoenfermeria\/wp-json\/wp\/v2\/pages\/1490","targetHints":{"allow":["GET"]}}],"collection":[{"href":"https:\/\/academia.uaa.mx\/congresoenfermeria\/wp-json\/wp\/v2\/pages"}],"about":[{"href":"https:\/\/academia.uaa.mx\/congresoenfermeria\/wp-json\/wp\/v2\/types\/page"}],"author":[{"embeddable":true,"href":"https:\/\/academia.uaa.mx\/congresoenfermeria\/wp-json\/wp\/v2\/users\/3"}],"replies":[{"embeddable":true,"href":"https:\/\/academia.uaa.mx\/congresoenfermeria\/wp-json\/wp\/v2\/comments?post=1490"}],"version-history":[{"count":17,"href":"https:\/\/academia.uaa.mx\/congresoenfermeria\/wp-json\/wp\/v2\/pages\/1490\/revisions"}],"predecessor-version":[{"id":1577,"href":"https:\/\/academia.uaa.mx\/congresoenfermeria\/wp-json\/wp\/v2\/pages\/1490\/revisions\/1577"}],"wp:attachment":[{"href":"https:\/\/academia.uaa.mx\/congresoenfermeria\/wp-json\/wp\/v2\/media?parent=1490"}],"curies":[{"name":"wp","href":"https:\/\/api.w.org\/{rel}","templated":true}]}}