{"id":1977,"date":"2025-10-08T07:43:31","date_gmt":"2025-10-08T13:43:31","guid":{"rendered":"https:\/\/academia.uaa.mx\/congresoenfermeria\/?page_id=1977"},"modified":"2025-10-08T08:17:23","modified_gmt":"2025-10-08T14:17:23","slug":"cue-2025-constancias-de-carteles","status":"publish","type":"page","link":"https:\/\/academia.uaa.mx\/congresoenfermeria\/cue-2025-constancias-de-carteles\/","title":{"rendered":"CUE 2025 Constancias de Carteles"},"content":{"rendered":"<p>Descarga las constancias de carteles CUE 2025:<\/p>\n<p>&nbsp;<\/p>\n<p>Aplicaci\u00f3n del Modelo AREA en el Proceso de Atenci\u00f3n de Enfermer\u00eda de paciente pedi\u00e1trica en la Comunidad.<\/p>\n<p><a href=\"https:\/\/academia.uaa.mx\/congresoenfermeria\/wp-content\/uploads\/sites\/2\/2025\/10\/Aplicacion-del-Modelo-AREA-en-el-Proceso-de-Atencion-de-Enfermeria-de-paciente-pediatrica-en-la-Comunidad.pdf\">Aplicaci\u00f3n del Modelo AREA en el Proceso de Atenci\u00f3n de Enfermer\u00eda de paciente pedi\u00e1trica en la Comunidad.<\/a><\/p>\n<p>&nbsp;<\/p>\n<p>Cambios anat\u00f3mico fisiol\u00f3gicos en el adulto mayor<\/p>\n<p><a href=\"https:\/\/academia.uaa.mx\/congresoenfermeria\/wp-content\/uploads\/sites\/2\/2025\/10\/Cambios-anatomico-fisiologicos-en-el-adulto-mayor-aparato-de-los-sentidos.pdf\">Cambios anat\u00f3mico fisiol\u00f3gicos en el adulto mayor aparato de los sentidos<\/a><\/p>\n<p><a href=\"https:\/\/academia.uaa.mx\/congresoenfermeria\/wp-content\/uploads\/sites\/2\/2025\/10\/Cambios-anatomico-fisiologicos-en-el-adulto-mayor-aparato-gastrointestinal.pdf\">Cambios anat\u00f3mico fisiol\u00f3gicos en el adulto mayor aparato gastrointestinal<\/a><\/p>\n<p><a href=\"https:\/\/academia.uaa.mx\/congresoenfermeria\/wp-content\/uploads\/sites\/2\/2025\/10\/Cambios-anatomico-fisiologicos-en-el-adulto-mayor-aparato-genitourinario.pdf\">Cambios anat\u00f3mico fisiol\u00f3gicos en el adulto mayor aparato genitourinario<\/a><\/p>\n<p><a href=\"https:\/\/academia.uaa.mx\/congresoenfermeria\/wp-content\/uploads\/sites\/2\/2025\/10\/Cambios-anatomico-fisiologicos-en-el-adulto-mayor-aparato-respiratorio.pdf\">Cambios anat\u00f3mico fisiol\u00f3gicos en el adulto mayor aparato respiratorio<\/a><\/p>\n<p><a href=\"https:\/\/academia.uaa.mx\/congresoenfermeria\/wp-content\/uploads\/sites\/2\/2025\/10\/Cambios-anatomico-fisiologicos-en-el-adulto-mayor-sistema-cardiovascular.pdf\">Cambios anat\u00f3mico fisiol\u00f3gicos en el adulto mayor sistema cardiovascular<\/a><\/p>\n<p><a href=\"https:\/\/academia.uaa.mx\/congresoenfermeria\/wp-content\/uploads\/sites\/2\/2025\/10\/Cambios-anatomico-fisiologicos-en-el-adulto-mayor-sistema-endocrino.pdf\">Cambios anat\u00f3mico fisiol\u00f3gicos en el adulto mayor sistema endocrino<\/a><\/p>\n<p><a href=\"https:\/\/academia.uaa.mx\/congresoenfermeria\/wp-content\/uploads\/sites\/2\/2025\/10\/Cambios-anatomico-fisiologicos-en-el-adulto-mayor-sistema-hematologico.pdf\">Cambios anat\u00f3mico fisiol\u00f3gicos en el adulto mayor sistema hematol\u00f3gico<\/a><\/p>\n<p><a href=\"https:\/\/academia.uaa.mx\/congresoenfermeria\/wp-content\/uploads\/sites\/2\/2025\/10\/Cambios-anatomico-fisiologicos-en-el-adulto-mayor-sistema-inmunologico.pdf\">Cambios anat\u00f3mico fisiol\u00f3gicos en el adulto mayor sistema inmunol\u00f3gico<\/a><\/p>\n<p><a href=\"https:\/\/academia.uaa.mx\/congresoenfermeria\/wp-content\/uploads\/sites\/2\/2025\/10\/Cambios-anatomico-fisiologicos-en-el-adulto-mayor-sistema-musculoesqueletico.pdf\">Cambios anat\u00f3mico fisiol\u00f3gicos en el adulto mayor sistema musculoesquel\u00e9tico<\/a><\/p>\n<p><a href=\"https:\/\/academia.uaa.mx\/congresoenfermeria\/wp-content\/uploads\/sites\/2\/2025\/10\/Cambios-anatomico-fisiologicos-en-el-adulto-mayor-sistema-nervioso.pdf\">Cambios anat\u00f3mico fisiol\u00f3gicos en el adulto mayor sistema nervioso<\/a><\/p>\n<p><a href=\"https:\/\/academia.uaa.mx\/congresoenfermeria\/wp-content\/uploads\/sites\/2\/2025\/10\/Cambios-anatomico-fisiologicos-en-el-adulto-mayor-sistema-tegumentario.pdf\">Cambios anat\u00f3mico fisiol\u00f3gicos en el adulto mayor sistema tegumentario<\/a><\/p>\n<p>&nbsp;<\/p>\n<p>Consultorio \u2014 Proyecto de Enfermer\u00eda \u201cCuid\u00e1ndote desde el primer latido\u201d<\/p>\n<p><a href=\"https:\/\/academia.uaa.mx\/congresoenfermeria\/wp-content\/uploads\/sites\/2\/2025\/10\/Consultorio-\u2014-Proyecto-de-Enfermeria-Cuidandote-desde-el-primer-latido.pdf\">Consultorio \u2014 Proyecto de Enfermer\u00eda \u201cCuid\u00e1ndote desde el primer latido\u201d<\/a><\/p>\n<p>&nbsp;<\/p>\n<p>Depresi\u00f3n y ansiedad relacionadas con el rendimiento acad\u00e9mico en estudiantes de enfermer\u00eda<\/p>\n<p><a href=\"https:\/\/academia.uaa.mx\/congresoenfermeria\/wp-content\/uploads\/sites\/2\/2025\/10\/Depresion-y-ansiedad-relacionadas-con-el-rendimiento-academico-en-estudiantes-de-enfermeria.pdf\">Depresi\u00f3n y ansiedad relacionadas con el rendimiento acad\u00e9mico en estudiantes de enfermer\u00eda<\/a><\/p>\n<p>&nbsp;<\/p>\n<p>Efectividad de la aplicaci\u00f3n ACIF en la adherencia al tratamiento de hipertensi\u00f3n arterial<\/p>\n<p><a href=\"https:\/\/academia.uaa.mx\/congresoenfermeria\/wp-content\/uploads\/sites\/2\/2025\/10\/Efectividad-de-la-aplicacion-ACIF-en-la-adherencia-al-tratamiento-de-hipertension-arterial.pdf\">Efectividad de la aplicaci\u00f3n ACIF en la adherencia al tratamiento de hipertensi\u00f3n arterial<\/a><\/p>\n<p>&nbsp;<\/p>\n<p>Factores que influyen a la apat\u00eda en la atenci\u00f3n con calidad por el personal de enfermer\u00eda en el servicio de urgencias del hospital general de rinc\u00f3n<\/p>\n<p><a href=\"https:\/\/academia.uaa.mx\/congresoenfermeria\/wp-content\/uploads\/sites\/2\/2025\/10\/Factores-que-influyen-a-la-apatia-en-la-atencion-con-calidad-por-el-personal-de-enfermeria-en-el-servicio-de-urgencias-del-hospital-general-de-rincon.pdf\">Factores que influyen a la apat\u00eda en la atenci\u00f3n con calidad por el personal de enfermer\u00eda en el servicio de urgencias del hospital general de rinc\u00f3n<\/a><\/p>\n<p>&nbsp;<\/p>\n<p>Plan de cuidados estandarizado en el adulto mayor<\/p>\n<p><a href=\"https:\/\/academia.uaa.mx\/congresoenfermeria\/wp-content\/uploads\/sites\/2\/2025\/10\/Plan-de-cuidados-estandarizado-en-el-adulto-mayor-Sindrome-de-abatimiento-funcional-en-el-adulto-mayor-en-el-postoperatorio.pdf\">Plan de cuidados estandarizado en el adulto mayor S\u00edndrome de abatimiento funcional en el adulto mayor en el postoperatorio<\/a><\/p>\n<p><a href=\"https:\/\/academia.uaa.mx\/congresoenfermeria\/wp-content\/uploads\/sites\/2\/2025\/10\/Plan-de-cuidados-estandarizado-en-el-adulto-mayor-Sindrome-de-desnutricion.pdf\">Plan de cuidados estandarizado en el adulto mayor S\u00edndrome de desnutrici\u00f3n<\/a><\/p>\n<p><a href=\"https:\/\/academia.uaa.mx\/congresoenfermeria\/wp-content\/uploads\/sites\/2\/2025\/10\/Plan-de-cuidados-estandarizado-en-el-adulto-mayor-Sindrome-de-deterioro-y-disfuncion-cognoscitivo.pdf\">Plan de cuidados estandarizado en el adulto mayor S\u00edndrome de deterioro y disfunci\u00f3n cognoscitivo<\/a><\/p>\n<p><a href=\"https:\/\/academia.uaa.mx\/congresoenfermeria\/wp-content\/uploads\/sites\/2\/2025\/10\/Plan-de-cuidados-estandarizado-en-el-adulto-mayor-Sindrome-de-fragilidad.pdf\">Plan de cuidados estandarizado en el adulto mayor S\u00edndrome de fragilidad<\/a><\/p>\n<p><a href=\"https:\/\/academia.uaa.mx\/congresoenfermeria\/wp-content\/uploads\/sites\/2\/2025\/10\/Plan-de-cuidados-estandarizado-en-el-adulto-mayor-Sindrome-de-polifarmacia.pdf.pdf\">Plan de cuidados estandarizado en el adulto mayor S\u00edndrome de polifarmacia.pdf<\/a><\/p>\n","protected":false},"excerpt":{"rendered":"<p>Descarga las constancias de carteles CUE 2025: &nbsp; Aplicaci\u00f3n del Modelo AREA en el Proceso de Atenci\u00f3n de Enfermer\u00eda de<\/p>\n","protected":false},"author":66,"featured_media":0,"parent":0,"menu_order":0,"comment_status":"closed","ping_status":"closed","template":"","meta":{"_acf_changed":false,"colormag_page_container_layout":"default_layout","colormag_page_sidebar_layout":"default_layout","ngg_post_thumbnail":0,"footnotes":""},"class_list":["post-1977","page","type-page","status-publish","hentry"],"acf":[],"_links":{"self":[{"href":"https:\/\/academia.uaa.mx\/congresoenfermeria\/wp-json\/wp\/v2\/pages\/1977","targetHints":{"allow":["GET"]}}],"collection":[{"href":"https:\/\/academia.uaa.mx\/congresoenfermeria\/wp-json\/wp\/v2\/pages"}],"about":[{"href":"https:\/\/academia.uaa.mx\/congresoenfermeria\/wp-json\/wp\/v2\/types\/page"}],"author":[{"embeddable":true,"href":"https:\/\/academia.uaa.mx\/congresoenfermeria\/wp-json\/wp\/v2\/users\/66"}],"replies":[{"embeddable":true,"href":"https:\/\/academia.uaa.mx\/congresoenfermeria\/wp-json\/wp\/v2\/comments?post=1977"}],"version-history":[{"count":2,"href":"https:\/\/academia.uaa.mx\/congresoenfermeria\/wp-json\/wp\/v2\/pages\/1977\/revisions"}],"predecessor-version":[{"id":2057,"href":"https:\/\/academia.uaa.mx\/congresoenfermeria\/wp-json\/wp\/v2\/pages\/1977\/revisions\/2057"}],"wp:attachment":[{"href":"https:\/\/academia.uaa.mx\/congresoenfermeria\/wp-json\/wp\/v2\/media?parent=1977"}],"curies":[{"name":"wp","href":"https:\/\/api.w.org\/{rel}","templated":true}]}}