{"id":2067,"date":"2025-10-08T09:18:44","date_gmt":"2025-10-08T15:18:44","guid":{"rendered":"https:\/\/academia.uaa.mx\/congresoenfermeria\/?page_id=2067"},"modified":"2025-10-08T09:26:26","modified_gmt":"2025-10-08T15:26:26","slug":"cue-2025-constancias-relajacion-profunda","status":"publish","type":"page","link":"https:\/\/academia.uaa.mx\/congresoenfermeria\/cue-2025-constancias-relajacion-profunda\/","title":{"rendered":"CUE 2025 Constancias Relajaci\u00f3n profunda"},"content":{"rendered":"<p>Descarga las constancias de talleres CUE 2025:<\/p>\n<p><a href=\"https:\/\/academia.uaa.mx\/congresoenfermeria\/wp-content\/uploads\/sites\/2\/2025\/10\/Relaj_Evelyn-Estephania-Nunez-Vega.pdf\">Relaj_Evelyn Estephania N\u00fa\u00f1ez Vega<\/a><\/p>\n<p><a href=\"https:\/\/academia.uaa.mx\/congresoenfermeria\/wp-content\/uploads\/sites\/2\/2025\/10\/Relaj_Guadalupe-Vanessa-De-La-Cruz-De-La-Rosa.pdf\">Relaj_Guadalupe Vanessa De La Cruz De La Rosa<\/a><\/p>\n<p><a href=\"https:\/\/academia.uaa.mx\/congresoenfermeria\/wp-content\/uploads\/sites\/2\/2025\/10\/Relaj_Jose-Alfonso-Romo-Franco.pdf\">Relaj_Jos\u00e9 Alfonso Romo Franco<\/a><\/p>\n<p><a href=\"https:\/\/academia.uaa.mx\/congresoenfermeria\/wp-content\/uploads\/sites\/2\/2025\/10\/Relaj_Leonardo-Rafael-Ibarra-Veloz-.pdf\">Relaj_Leonardo Rafael Ibarra Veloz\u00a0<\/a><\/p>\n<p><a href=\"https:\/\/academia.uaa.mx\/congresoenfermeria\/wp-content\/uploads\/sites\/2\/2025\/10\/Relaj_Ma.-De-Lourdes-Rodriguez-Medina.pdf\">Relaj_Ma. De Lourdes Rodr\u00edguez Medina<\/a><\/p>\n<p><a href=\"https:\/\/academia.uaa.mx\/congresoenfermeria\/wp-content\/uploads\/sites\/2\/2025\/10\/Relaj_Mitzy-Paola-Ruiz-Martinez-.pdf\">Relaj_Mitzy Paola Ruiz Mart\u00ednez\u00a0<\/a><\/p>\n<p><a href=\"https:\/\/academia.uaa.mx\/congresoenfermeria\/wp-content\/uploads\/sites\/2\/2025\/10\/Relaj_Angel-Alberto-Osornio-Hernandez-.pdf\">Relaj_\u00c1ngel Alberto Osornio Hern\u00e1ndez\u00a0<\/a><\/p>\n<p>&nbsp;<\/p>\n","protected":false},"excerpt":{"rendered":"<p>Descarga las constancias de talleres CUE 2025: Relaj_Evelyn Estephania N\u00fa\u00f1ez Vega Relaj_Guadalupe Vanessa De La Cruz De La Rosa Relaj_Jos\u00e9<\/p>\n","protected":false},"author":66,"featured_media":0,"parent":0,"menu_order":0,"comment_status":"closed","ping_status":"closed","template":"","meta":{"_acf_changed":false,"colormag_page_container_layout":"default_layout","colormag_page_sidebar_layout":"default_layout","ngg_post_thumbnail":0,"footnotes":""},"class_list":["post-2067","page","type-page","status-publish","hentry"],"acf":[],"_links":{"self":[{"href":"https:\/\/academia.uaa.mx\/congresoenfermeria\/wp-json\/wp\/v2\/pages\/2067","targetHints":{"allow":["GET"]}}],"collection":[{"href":"https:\/\/academia.uaa.mx\/congresoenfermeria\/wp-json\/wp\/v2\/pages"}],"about":[{"href":"https:\/\/academia.uaa.mx\/congresoenfermeria\/wp-json\/wp\/v2\/types\/page"}],"author":[{"embeddable":true,"href":"https:\/\/academia.uaa.mx\/congresoenfermeria\/wp-json\/wp\/v2\/users\/66"}],"replies":[{"embeddable":true,"href":"https:\/\/academia.uaa.mx\/congresoenfermeria\/wp-json\/wp\/v2\/comments?post=2067"}],"version-history":[{"count":2,"href":"https:\/\/academia.uaa.mx\/congresoenfermeria\/wp-json\/wp\/v2\/pages\/2067\/revisions"}],"predecessor-version":[{"id":2095,"href":"https:\/\/academia.uaa.mx\/congresoenfermeria\/wp-json\/wp\/v2\/pages\/2067\/revisions\/2095"}],"wp:attachment":[{"href":"https:\/\/academia.uaa.mx\/congresoenfermeria\/wp-json\/wp\/v2\/media?parent=2067"}],"curies":[{"name":"wp","href":"https:\/\/api.w.org\/{rel}","templated":true}]}}